 the highest common divisor of 12 and 192?
12
Calculate the highest common divisor of 1218 and 174.
174
Calculate the highest common divisor of 55 and 121.
11
What is the highest common factor of 44 and 2013?
11
What is the highest common factor of 549 and 1342?
61
What is the greatest common divisor of 902 and 41?
41
What is the highest common factor of 14 and 6902?
14
What is the greatest common factor of 78 and 33?
3
What is the greatest common factor of 114 and 6593?
19
Calculate the greatest common divisor of 76 and 817.
19
Calculate the greatest common factor of 357 and 140.
7
Calculate the greatest common divisor of 7920 and 550.
110
Calculate the greatest common factor of 32 and 80.
16
Calculate the highest common divisor of 1829 and 59.
59
What is the highest common factor of 152 and 8?
8
What is the greatest common divisor of 272 and 51?
17
Calculate the highest common divisor of 624 and 39.
39
What is the highest common factor of 3810 and 330?
30
Calculate the greatest common factor of 174 and 29058.
174
What is the highest common factor of 1105 and 325?
65
What is the greatest common factor of 156 and 49998?
78
Calculate the highest common factor of 136 and 561.
17
What is the greatest common factor of 7 and 49?
7
What is the greatest common factor of 165 and 810?
15
What is the highest common divisor of 635 and 35?
5
Calculate the greatest common factor of 12 and 48.
12
What is the highest common factor of 28 and 21028?
28
What is the greatest common divisor of 141 and 25051?
47
Calculate the highest common divisor of 27 and 477.
9
What is the highest common divisor of 3 and 760?
1
Calculate the greatest common factor of 126 and 1554.
42
What is the highest common divisor of 729 and 117?
9
What is the highest common factor of 819 and 182?
91
What is the greatest common divisor of 27 and 17361?
27
What is the highest common divisor of 120 and 408?
24
What is the highest common factor of 119 and 7?
7
What is the greatest common factor of 216 and 88?
8
Calculate the highest common divisor of 1473 and 3928.
491
What is the greatest common factor of 672 and 21?
21
What is the highest common factor of 72 and 54?
18
Calculate the highest common divisor of 72 and 360.
72
What is the highest common factor of 429 and 7579?
143
Calculate the greatest common factor of 58 and 4814.
58
What is the greatest common factor of 844 and 40?
4
Calculate the highest common divisor of 5880 and 84.
84
What is the highest common divisor of 312 and 39?
39
What is the highest common factor of 9 and 369?
9
What is the greatest common divisor of 645 and 2070?
15
What is the greatest common factor of 30 and 12?
6
Calculate the greatest common factor of 6195 and 531.
177
What is the greatest common divisor of 65 and 2405?
65
What is the highest common divisor of 16 and 808?
8
What is the greatest common factor of 624 and 130?
26
What is the greatest common factor of 24 and 96?
24
What is the highest common factor of 7627 and 145?
29
What is the greatest common factor of 915 and 15?
15
What is the greatest common factor of 164 and 123?
41
What is the highest common divisor of 52000 and 250?
250
What is the highest common divisor of 119 and 56?
7
Calculate the highest common factor of 725 and 10.
5
Calculate the highest common factor of 6 and 1011.
3
Calculate the highest common factor of 62813 and 23.
23
Calculate the highest common divisor of 82 and 533.
41
Calculate the greatest common factor of 51 and 68.
17
Calculate the highest common factor of 40 and 136.
8
Calculate the highest common factor of 68 and 11084.
68
What is the greatest common divisor of 106 and 1431?
53
Calculate the greatest common factor of 130 and 10.
10
Calculate the greatest common factor of 338 and 182.
26
What is the highest common factor of 589 and 19?
19
What is the highest common divisor of 3576 and 24?
24
What is the highest common divisor of 414 and 24?
6
Calculate the greatest common divisor of 80 and 128.
16
What is the greatest common divisor of 135 and 630?
45
What is the greatest common divisor of 1184 and 8?
8
Calculate the greatest common divisor of 1192 and 12.
4
What is the greatest common factor of 548 and 16?
4
Calculate the highest common factor of 160 and 104.
8
Calculate the highest common divisor of 4 and 388.
4
Calculate the greatest common factor of 288 and 160.
32
Calculate the greatest common factor of 1764 and 861.
21
Calculate the highest common factor of 17 and 34.
17
What is the highest common divisor of 858 and 66?
66
What is the greatest common divisor of 2294 and 222?
74
What is the greatest common divisor of 9 and 153?
9
What is the greatest common divisor of 28 and 11879?
7
What is the highest common factor of 1194 and 6?
6
Calculate the highest common divisor of 37 and 1073.
37
What is the highest common factor of 3645 and 75?
15
What is the greatest common factor of 616 and 3850?
154
What is the greatest common divisor of 12 and 1452?
12
Calculate the highest common divisor of 2329 and 187.
17
What is the highest common divisor of 289 and 17?
17
Calculate the greatest common divisor of 29353 and 394.
197
What is the greatest common factor of 2167 and 11?
11
What is the greatest common factor of 494 and 741?
247
Calculate the highest common divisor of 11 and 1177.
11
What is the highest common divisor of 13216 and 96?
32
What is the greatest common divisor of 654 and 27?
3
What is the highest common divisor of 49 and 2401?
49
Calculate the greatest common factor of 529 and 184.
23
Calculate the greatest common divisor of 189 and 783.
27
What is the highest common divisor of 1325 and 159?
53
What is the highest common divisor of 489 and 3?
3
What is the highest common divisor of 775 and 75?
25
What is the greatest common factor of 6 and 30?
6
What is the greatest common factor of 12 and 105?
3
Calculate the greatest common factor of 45 and 34785.
45
What is the greatest common divisor of 8 and 3512?
8
Calculate the highest common factor of 2296 and 1476.
164
What is the highest common divisor of 429 and 33?
33
Calculate the greatest common factor of 49 and 42.
7
Calculate the greatest common divisor of 392 and 12600.
56
Calculate the highest common factor of 20 and 290.
10
Calculate the greatest common factor of 1580 and 100.
20
What is the highest common factor of 112 and 14420?
28
Calculate the greatest common factor of 1645 and 35.
35
What is the highest common divisor of 19 and 437?
19
Calculate the highest common divisor of 670 and 10.
10
What is the greatest common factor of 323 and 19?
19
Calculate the highest common factor of 3468 and 12.
12
Calculate the highest common divisor of 46 and 115.
23
Calculate the greatest common divisor of 108 and 396.
36
What is the highest common divisor of 273 and 63?
21
Calculate the greatest common divisor of 444 and 25012.
148
What is the highest common divisor of 2345 and 70?
35
Calculate the greatest common divisor of 18153 and 18.
9
Calculate the greatest common factor of 228 and 1748.
76
What is the highest common divisor of 24 and 12?
12
What is the greatest common divisor of 1284 and 12?
12
What is the greatest common divisor of 16 and 464?
16
Calculate the greatest common divisor of 247 and 2171.
13
Calculate the greatest common divisor of 44 and 28.
4
Calculate the greatest common divisor of 29 and 2349.
29
What is the highest common divisor of 184 and 23?
23
Calculate the greatest common divisor of 336 and 16.
16
What is the highest common factor of 1969 and 2327?
179
Calculate the greatest common divisor of 988 and 304.
76
What is the highest common factor of 8 and 584?
8
What is the highest common factor of 1349 and 71?
71
What is the highest common factor of 68 and 986?
34
What is the highest common factor of 1645 and 12502?
329
Calculate the highest common divisor of 19062 and 54.
54
What is the highest common divisor of 351 and 54?
27
Calculate the greatest common factor of 30 and 2115.
15
Calculate the greatest common factor of 102 and 3774.
102
What is the highest common divisor of 33 and 671?
11
Calculate the highest common factor of 1840 and 46.
46
Calculate the greatest common divisor of 468 and 48.
12
What is the highest common factor of 7 and 2177?
7
Calculate the highest common divis